 digit of 98810?
8
What is the ten millions digit of 14065511?
1
What is the ten thousands digit of 474756?
7
What is the millions digit of 3466520?
3
What is the units digit of 12281394?
4
What is the tens digit of 2580377?
7
What is the hundreds digit of 35191?
1
What is the hundreds digit of 44101?
1
What is the units digit of 7837446?
6
What is the ten thousands digit of 9936446?
3
What is the hundred thousands digit of 5549196?
5
What is the tens digit of 2314901?
0
What is the hundreds digit of 5596940?
9
What is the units digit of 147267?
7
What is the hundreds digit of 14914487?
4
What is the tens digit of 1382906?
0
What is the thousands digit of 9196358?
6
What is the tens digit of 1395362?
6
What is the ten thousands digit of 254196?
5
What is the units digit of 249317?
7
What is the units digit of 509374?
4
What is the hundred thousands digit of 921194?
9
What is the thousands digit of 2677785?
7
What is the ten millions digit of 14589291?
1
What is the hundreds digit of 11545573?
5
What is the hundred thousands digit of 436369?
4
What is the hundred thousands digit of 1015084?
0
What is the hundreds digit of 52341?
3
What is the ten thousands digit of 8628036?
2
What is the tens digit of 4457628?
2
What is the ten thousands digit of 15304?
1
What is the ten thousands digit of 228290?
2
What is the tens digit of 281682?
8
What is the thousands digit of 910295?
0
What is the ten thousands digit of 21371615?
7
What is the hundreds digit of 676756?
7
What is the hundreds digit of 395064?
0
What is the units digit of 1272863?
3
What is the hundred thousands digit of 968124?
9
What is the thousands digit of 327450?
7
What is the thousands digit of 12617626?
7
What is the units digit of 6157417?
7
What is the hundreds digit of 3099777?
7
What is the tens digit of 3528048?
4
What is the units digit of 2176385?
5
What is the units digit of 202229?
9
What is the hundreds digit of 800232?
2
What is the units digit of 6289163?
3
What is the ten thousands digit of 2224075?
2
What is the tens digit of 299712?
1
What is the hundred thousands digit of 744474?
7
What is the thousands digit of 30680?
0
What is the thousands digit of 26858260?
8
What is the millions digit of 9236347?
9
What is the tens digit of 880847?
4
What is the tens digit of 69347?
4
What is the thousands digit of 3333800?
3
What is the units digit of 2041127?
7
What is the ten thousands digit of 277616?
7
What is the hundreds digit of 380010?
0
What is the ten thousands digit of 248657?
4
What is the thousands digit of 420122?
0
What is the tens digit of 2076146?
4
What is the hundreds digit of 368269?
2
What is the hundreds digit of 9347249?
2
What is the hundred thousands digit of 748421?
7
What is the tens digit of 135341?
4
What is the hundreds digit of 18676258?
2
What is the millions digit of 21316156?
1
What is the units digit of 245698?
8
What is the hundreds digit of 2121919?
9
What is the hundred thousands digit of 12033221?
0
What is the tens digit of 211852?
5
What is the units digit of 3215812?
2
What is the hundreds digit of 172931?
9
What is the hundred thousands digit of 238163?
2
What is the units digit of 15145551?
1
What is the millions digit of 1321372?
1
What is the hundred thousands digit of 137736?
1
What is the tens digit of 7781971?
7
What is the hundred thousands digit of 1756164?
7
What is the ten thousands digit of 14435399?
3
What is the hundred thousands digit of 282351?
2
What is the units digit of 19991530?
0
What is the thousands digit of 7741665?
1
What is the hundreds digit of 31026445?
4
What is the thousands digit of 162542?
2
What is the tens digit of 416830?
3
What is the units digit of 252338?
8
What is the ten thousands digit of 867171?
6
What is the units digit of 21047964?
4
What is the millions digit of 2100871?
2
What is the units digit of 94241?
1
What is the hundred thousands digit of 500615?
5
What is the hundred thousands digit of 222747?
2
What is the hundreds digit of 16282?
2
What is the tens digit of 154863?
6
What is the hundreds digit of 84072?
0
What is the thousands digit of 13133021?
3
What is the hundreds digit of 498231?
2
What is the hundreds digit of 16986882?
8
What is the ten millions digit of 12645477?
1
What is the hundreds digit of 12065971?
9
What is the hundred thousands digit of 282711?
2
What is the tens digit of 445131?
3
What is the tens digit of 4816682?
8
What is the tens digit of 586856?
5
What is the hundred thousands digit of 1828198?
8
What is the hundred thousands digit of 1910346?
9
What is the thousands digit of 3077642?
7
What is the ten thousands digit of 192783?
9
What is the thousands digit of 36867527?
7
What is the millions digit of 5754683?
5
What is the millions digit of 3379903?
3
What is the units digit of 6049174?
4
What is the units digit of 38908415?
5
What is the units digit of 891813?
3
What is the tens digit of 8960860?
6
What is the tens digit of 6060584?
8
What is the hundred thousands digit of 451152?
4
What is the thousands digit of 518614?
8
What is the units digit of 7076?
6
What is the ten thousands digit of 32338310?
3
What is the hundreds digit of 3749111?
1
What is the hundreds digit of 7266?
2
What is the tens digit of 1802630?
3
What is the hundred thousands digit of 6067592?
0
What is the units digit of 10157284?
4
What is the thousands digit of 3833598?
3
What is the millions digit of 8586321?
8
What is the thousands digit of 527705?
7
What is the ten thousands digit of 305420?
0
What is the thousands digit of 176835?
6
What is the hundreds digit of 368059?
0
What is the hundreds digit of 507430?
4
What is the hundred thousands digit of 374007?
3
What is the ten thousands digit of 244752?
4
What is the millions digit of 10858535?
0
What is the hundreds digit of 2512638?
6
What is the ten thousands digit of 122842?
2
What is the hundreds digit of 390936?
9
What is the ten millions digit of 10782543?
1
What is the ten thousands digit of 760215?
6
What is the hundred thousands digit of 246378?
2
What is the thousands digit of 13753133?
3
What is the units digit of 3308883?
3
What is the thousands digit of 2898616?
8
What is the hundreds digit of 5731603?
6
What is the units digit of 178216?
6
What is the thousands digit of 66333?
6
What is the hundreds digit of 2100404?
4
What is the tens digit of 2762674?
7
What is the hundreds digit of 494888?
8
What is the units digit of 91746?
6
What is the hundreds digit of 1211104?
1
What is the millions digit of 11576495?
1
What is the millions digit of 1249723?
1
What is the ten thousands digit of 94886?
9
What is the units digit of 247367?
7
What is the tens digit of 1182279?
7
What is the thousands digit of 341577?
1
What is the millions digit of 2011652?
2
What is the hundreds digit of 809358?
3
What is the thousands digit of 7790?
7
What is the hundred thousands digit of 4007027?
0
What is the thousands digit of 484822?
4
What is the hundreds digit of 202099?
0
What is the tens digit of 26282570?
7
What is the thousands digit of 64440?
4
What is the units digit of 595576?
6
What is the thousands digit of 15948537?
8
What is the units digit of 30661901?
1
What is the ten thousands digit of 4294830?
9
What is the ten thousands digit of 2347937?
4
What is the thousands digit of 262947?
2
What is the hundred thousands digit of 276397?
2
What is the ten thousands digit of 1184051?
8
What is the tens digit of 7579147?
4
What is the tens digit of 14447048?
4
What is the units digit of 20432823?
3
What is the hundreds digit of 7165390?
3
What is the hundred thousands digit of 506029?
5
What is the ten thousands digit of 4776283?
7
What is the tens digit of 1044686?
8
What is the thousands digit of 767259?
7
What is the millions digit of 1503911?
1
What is the units digit of 1718501?
1
What is the units digit of 2347015?
5
What is the ten thousands digit of 2951239?
5
What is the hundred thousands digit of 1163776?
1
What is the hundreds digit of 2941007?
0
What is the ten thousands digit of 232419?
3
What is the hundred thousands digit of 2433343?
4
What is the units digit of 2051229?
9
What is the tens digit of 33730341?
4
What is the hundreds digit of 6713072?
0
What is the tens digit of 191115?
1
What is the thousands digit 